is the greatest common factor of x and r?
7
Let u = 16 + -4. Suppose -2*m + 3*z = -1, 35 = 5*m + z - 2*z. What is the highest common divisor of u and m?
4
Let q(w) = -w**2 + 8*w - 11. Suppose -18*i + 90 = -3*i. Let g be q(i). What is the highest common factor of g and 11?
1
Let c be -1 + (1 + -1)/2. Let b(z) = -20*z. Let l(q) = 2*q. Let p(y) = -2*b(y) - 22*l(y). Let g be p(c). Calculate the highest common divisor of 6 and g.
2
Let t(g) = g**3 - g**2 - 4*g + 16. Let f be t(0). What is the highest common divisor of 208 and f?
16
Let u(n) = 6*n + 4. Let a be u(6). Let r = 28 - 20. What is the highest common divisor of a and r?
8
Let o = -42 - -65. Suppose -9 = -4*a + o. What is the greatest common factor of a and 32?
8
Suppose 4*c = 35 + 101. Let l be c/187 + 326/22. What is the highest common divisor of l and 105?
15
Suppose 60*r + 49 = 61*r. Suppose 0 = 4*k + r - 141. Calculate the highest common factor of 46 and k.
23
Let d(g) = -g + 5. Let q be d(0). Suppose 9 = -4*u + q*y, -3*u - y + 0 = 2. Let h be (0 - 5)/(-2 - u). What is the highest common divisor of h and 10?
5
Suppose -136 = -49*y + 15*y. What is the greatest common factor of y and 34?
2
Suppose -20*c - 15 = -35. Calculate the greatest common factor of 4 and c.
1
Let d = -76 + 161. Suppose -393 + d = -7*r. What is the highest common factor of r and 33?
11
Let s(d) = d**3 + 8*d**2 - 8*d + 19. Let m be s(-9). Calculate the greatest common factor of m and 95.
5
Let w(l) = -7*l - 8. Let t be w(-4). What is the greatest common divisor of t and 820?
20
Suppose 2*c - 196 = -2*w, -2*c + 93 = 4*w - 295. What is the highest common factor of 864 and w?
96
Let q be (-3 + 4)*870/10. What is the greatest common divisor of q and 348?
87
Suppose 8*l = 11*l - 312. Calculate the highest common divisor of l and 65.
13
Let u(o) = -26*o - 320. Let f be u(-16). Calculate the highest common factor of f and 132.
12
Let a = 129 - 120. Let k(q) = -q**2 + 12*q - 12. Let i be k(a). Let b be (-3)/(-6) - (-119)/2. Calculate the highest common divisor of i and b.
15
Let a be (-318)/(-8) - (-2)/8. Let f = 39 - 25. Let k = 114 - f. What is the greatest common divisor of a and k?
20
Let z = -3 - -8. Suppose -3*l - l = -p + 65, 0 = -z*p + l + 401. Calculate the highest common factor of p and 9.
9
Let y(v) = v**3 + 8*v**2 + 5*v - 5. Suppose -2*z + 1 = -4*t - 15, -z = -4*t - 18. Let c be y(t). Calculate the greatest common divisor of 18 and c.
9
Suppose 5*i = 4*p + p - 40, -3*p = 3*i. Suppose -p*t = -2*t - 32. What is the highest common divisor of t and 32?
16
Suppose 3*n - 143 = -5*a, -a = -2*n + 5*n - 19. Suppose a*p = 27*p + 144. What is the greatest common factor of 324 and p?
36
Let x be (-4 + (-2 - (-4)/(-6)))*-3. Calculate the highest common divisor of 30 and x.
10
Let c = 0 + -1. Let o be (0 + 1 + c)/1. Suppose -4*z + 4 = 0, h + 4*z - 8 + o = 0. What is the greatest common divisor of h and 12?
4
Let g be 24/(-18)*81/(-12). What is the greatest common factor of 51 and g?
3
Suppose 0 = 6*n + 365 - 677. What is the highest common factor of n and 702?
26
Let w = -67 - 34. Let a = w - -155. Suppose 5*m - a + 4 = 0. What is the greatest common factor of m and 50?
10
Let w(s) = s + 25. Let q be w(-19). Suppose -o + 6 + q = 5*l, o = 5*l - 8. Calculate the greatest common factor of o and 22.
2
Let l = -115 + 67. Let y be (-1120)/l - 2/(-3). What is the greatest common factor of y and 6?
6
Let z(j) = -j**2 + 40*j - 341. Let x be z(25). Calculate the greatest common factor of x and 323.
17
Let h = 46 + 12. Calculate the greatest common factor of h and 986.
58
Let p = -13 - -18. Suppose -c = 3*q - 1, 4*c - 3 = p*q + 18. Suppose -5*f + 5*n = -15, -c*f + f = 4*n + 5. What is the greatest common factor of f and 2?
1
Suppose 5*y = -5*p + 13 + 7, 0 = -2*y - p + 6. Calculate the greatest common divisor of 86 and y.
2
Let x be 2*2 + (-1)/(8/40). Let g be (8/x)/(10/(-300)). Calculate the greatest common divisor of g and 24.
24
Let j(l) = l**2 - 17*l - 15. Let i(h) = -h**2. Let x(g) = 2*i(g) + j(g). Let s be x(-15). What is the greatest common divisor of s and 135?
15
Let m = -6 + 13. Let w(d) = 2*d**2 + 16*d + 16. Let j be w(-10). What is the greatest common factor of j and m?
7
Let m be 27/2 + (-3)/(-6). Suppose 87 = 2*g - 5*r, -m = g - 4*r - 62. Calculate the highest common factor of g and 12.
12
Let q(o) = -10*o**3 - 2*o**2 - o. Let t be q(-1). Let y = t - 4. Suppose -5*b + 85 = y*u, u + 37 = 2*b - 9. Calculate the greatest common divisor of b and 42.
21
Suppose 10*c + 3 = 1963. Calculate the highest common factor of 8 and c.
4
Suppose 2*n = 5*r + 53, -r + 2*r + 65 = 2*n. Let k(a) = 3*a**2 - 6*a + 13. Let d be k(6). Calculate the highest common factor of d and n.
17
Let r be -2 - 487 - (0 - 3). Let d be (-4)/10 + r/(-15). Suppose p - d = 10. What is the highest common divisor of 7 and p?
7
Suppose 17*h + 0*h = 1054. What is the highest common divisor of 2 and h?
2
Let a be 279/(-4) - (-9)/(-36). Let s = a - -96. Calculate the highest common factor of 39 and s.
13
Let a(y) = 627*y + 19. Let u be a(1). What is the greatest common divisor of 68 and u?
34
Let q(y) = y**3 + 6*y**2 + 5*y. Let t be q(-4). Suppose 177*g - 192*g + 30 = 0. What is the highest common factor of g and t?
2
Let g(x) = -5*x - 21. Let m be g(-11). Let y = m + 6. Calculate the greatest common factor of 5 and y.
5
Let m(s) = -s**2 + 9*s + 1. Let z be m(9). Let h be ((-8)/(-20) - (-3)/5)/1. What is the highest common factor of z and h?
1
Suppose d - 113 = -3*x - d, -x + 2*d = -51. Suppose -5*c - 5*m + x = -c, 5*m - 14 = -c. Calculate the highest common factor of c and 18.
9
Let x = -13 + 18. Calculate the highest common divisor of 25 and x.
5
Suppose -5*f + 18*f = 65. What is the highest common factor of 75 and f?
5
Let s be 7/((-21)/(-9) - 2). Let n be 0/((-7)/(s/6)) - -1. What is the greatest common factor of n and 1?
1
Let w be -30 + 25 + 131 + 0. Calculate the greatest common factor of w and 18.
18
Let m be 2/12 + (-102)/(-36). Suppose -5 = 3*w - 2, 47 = 2*l + m*w. Calculate the highest common factor of 10 and l.
5
Suppose -5*n + 3*v + 22 = 0, 3*v + 14 = 2*n + 7*v. Suppose -n*r + 5*k = -20, 0*k + 2*k = 2. What is the greatest common divisor of 15 and r?
5
Let y(q) = -q - 63 + 61 - 40 + 8*q. Let i be y(10). What is the highest common factor of i and 56?
28
Suppose 57 + 132 = -3*i. Let t = -47 - i. What is the highest common divisor of 176 and t?
16
Let d(n) = n + 33. Let u be d(-16). Suppose 0 = -u*z + 24*z - 105. What is the highest common divisor of 75 and z?
15
Let n(s) = -57*s - 57. Let w be n(-17). What is the greatest common divisor of 19 and w?
19
Let d be (7 - (2 + -1))/(-1). Let o be d/15 + (-164)/(-10). Let f be (2 - -2)/(4/176). What is the greatest common factor of o and f?
16
Suppose 0 = -7*o - 8*o + 4275. What is the greatest common factor of o and 30?
15
Let f(o) = 5*o**2 + 7*o - 23. Let w be f(-7). Let v = w - 93. What is the greatest common divisor of 40 and v?
40
Let p(s) = 2*s - 7. Let x(r) = -r + 8. Let g be x(9). Let f be ((-21)/(-35))/(g/(-15)). Let d be p(f). Calculate the highest common divisor of d and 99.
11
Suppose -2*c + 48 = 4*c. Calculate the highest common divisor of 28 and c.
4
Let l be 4/(10/20 + 2 + -2). Calculate the greatest common factor of l and 24.
8
Suppose y = -4*y - 200. Let f be (y/(-15))/((-4)/(-30)). Calculate the highest common divisor of 50 and f.
10
Let f be ((-8)/(-6))/((-6)/(-441)). Let n = -68 + f. Suppose -66 = -d + n. Calculate the highest common divisor of 12 and d.
12
Let j(n) = 2*n + 1. Let p be j(12). Suppose 12*k - 4*k - 40 = 0. What is the greatest common divisor of p and k?
5
Let f(j) = -125*j + 18. Let m be f(-1). What is the highest common divisor of 11 and m?
11
Let n be (5 + -7)/(1/(-3)). Let d(p) = p - 4. Let g be d(n). Suppose -3*r - 14 = -2*z - 1, 0 = -3*z + g*r + 17. What is the greatest common factor of z and 50?
5
Let d = 8 - -4. Suppose 5*j + 25 = 0, -5*a + 2*j = 3*j - 5. Let f be (-16)/(a/(-5)*-5*-1). Calculate the greatest common divisor of d and f.
4
Let h = -67 + 72. Suppose 49 = a - 2*s, -h*s + 158 = a + 2*a. Suppose 6*k - 2*k - c = 141, 19 = k + 3*c. What is the greatest common factor of a and k?
17
Let v be (-4)/5 + 118/10. Suppose 5*w - 99 = 3*p, -6*w + 4*p = -v*w + 78. What is th